 -j**3 - 5*j**2 + 4*j - 6. Calculate m(b).
6
Let m = -184 + 172. Let q(c) = 3*c + 27. What is q(m)?
-9
Suppose 20 + 7 = 325*h - 298*h. Let s(l) = l - 5 + 4 - 17*l**2 + 0. What is s(h)?
-17
Suppose -h - 30 = -7*h. Let s(f) = 2*f**2 + 4*f**2 + 4 - h*f**2 - 5*f. Calculate s(3).
-2
Let s(d) = 2*d**3 - d**3 - 842*d + 4 + 838*d - 4*d**2. Calculate s(3).
-17
Let b(f) = 3*f**3 + 3*f**2 - 3*f + 1. Let u(t) = t**2 - 10*t + 21. Let m be u(6). Let l(w) = 4*w**3 + 2*w**2 - 3*w. Let y(d) = m*b(d) + 2*l(d). Calculate y(-5).
-18
Let v(s) be the third derivative of -s**5/60 - s**4/3 + 3*s**3/2 - s**2. Suppose 24*x - 55 = -295. What is v(x)?
-11
Let x(r) = -r**3 - 2*r**2 - 4*r + 1. Let j(m) = -m**3 + 4*m**2 - 26*m + 102. Let w be j(4). What is x(w)?
9
Let o(u) = -5 + 3 + 6 - 5*u + 4*u. Suppose -54*g = -55*g + 4*k - 15, -2*g = 2*k. Calculate o(g).
7
Let g(a) be the second derivative of 1/2*a**4 + 0 + 0*a**2 + 8*a - 1/6*a**3. Calculate g(1).
5
Let g(n) be the second derivative of -n**3/6 - n**2/2 + 183*n. Give g(1).
-2
Let h(f) = 8*f - 2*f**3 - 1 + f**3 - 145*f**2 + 248*f**2 - 105*f**2. What is h(-4)?
-1
Let a = 39 + -68. Let o = 21 + a. Let j(f) = -f**3 - 9*f**2 - 8*f + 9. Calculate j(o).
9
Let j be (-7)/(-4) - (-2 + 77/28). Let s(h) = -h**2 + 2 - 48*h - 46*h - j + 98*h. Calculate s(4).
1
Let k(y) = y**3 - 9*y**2 + 10*y + 10. Let m(z) = -z**2 - 4*z - 2. Let f(a) = -k(a) - 2*m(a). Determine f(11).
-28
Let n(g) = g + 1. Let s be (-24)/(-18) + 10/6. Determine n(s).
4
Let r(k) = 8*k - 16*k + 0*k + 2*k + 34 + 0*k. Give r(7).
-8
Let p = 22 - 33. Let u = p + 8. Let r(s) = -3*s + 4. Let y(g) = 3*g - 3. Let k(w) = 6*r(w) + 7*y(w). Calculate k(u).
-6
Let k(m) be the second derivative of 0 + 0*m**3 + 6*m**2 - 7*m - 1/24*m**4. Let p(g) be the first derivative of k(g). Give p(-2).
2
Suppose 3*g - 9 = -3*w - 0*g, 5*w - 3*g = -17. Let u(q) = 11*q. Determine u(w).
-11
Let h be 16/7 + 2/(-7). Suppose -3*v + k + 6 = -3, 0 = -4*v + 4*k + 12. Let o(t) = -3*t**2 + t**3 + 2*t + 0*t**2 + 0*t**v + t**2 - 2. Determine o(h).
2
Let i(o) = -10*o + 16*o + 9 + o**2 + 4*o. What is i(-7)?
-12
Suppose -m = 1, 2*t + 0*t + 3*m = 57. Suppose -27*s = -t*s + 6. Let o(z) = z - 1. Let q(j) = -2*j + 3. Let r(n) = -o(n) - q(n). Give r(s).
0
Let f(n) = -8*n. Suppose -48*d = -43*d + 5. Give f(d).
8
Let c(z) = 12*z - 43. Suppose -12 = 2*v - 4*a, -3*v - 3*a + 7 = -5*v. Calculate c(v).
5
Let n = -10 + 15. Suppose -n*v + 65 + 10 = 0. Suppose -v = 2*u - 5*u. Let d(x) = x**3 - 6*x**2 + 6*x - 1. Calculate d(u).
4
Let y = -2 - -3. Let d = 35 + -33. Let u(f) = 0*f**d + 2*f - f**2 - f**2 - 1 - 4*f**2. Give u(y).
-5
Suppose -3*n + 0*n + 15 = 0. Suppose 1 + 2 = -v, -3*v = -n*l - 26. Let g(p) = -p**3 - 7*p**2 - p - 5. Give g(l).
2
Suppose -10*a = -9*a - 6. Let h(u) = -3 + 1 + a - 2*u - u**2. Calculate h(-4).
-4
Suppose -n = -y - 3*y - 12, 3*y = 5*n + 8. Let q = y - -12. Let c = 6 - q. Let k(m) = -m**3 - 2*m**2 - 3*m - 3. What is k(c)?
3
Let l(x) = -4*x + 1. Suppose 5*m - 3*h + h = 0, -3*m + 1 = -h. What is l(m)?
-7
Let q(h) be the first derivative of -11*h**4/4 + 2*h**3/3 - 3*h**2/2 + h - 27. Give q(1).
-11
Let g(u) = -52 - 24*u + 77*u - 24*u - 28*u. Give g(0).
-52
Let y(q) be the second derivative of -q**6/240 - q**5/60 + 19*q**4/12 - 9*q. Let w(v) be the third derivative of y(v). Give w(-2).
4
Let q(k) be the second derivative of k**6/360 + k**5/15 + 5*k**4/24 + 4*k**3/3 - 14*k. Let t(c) be the second derivative of q(c). Calculate t(-8).
5
Let w be (-414)/(-21) - (-6)/21. Let p be (-5)/((-75)/(-261)) - (-6)/15. Let o = p + w. Let z(k) = -2*k**2. Determine z(o).
-18
Let o = 90 + -88. Let r(v) = 4*v**2 - 12 + o*v**2 + v**3 + 10. What is r(-6)?
-2
Let g(i) = i**3 - 5*i**2 + i + 4. Let z be (7/(28/(-96)))/(-1). Suppose 2*y + 3*o + 34 = -2, -2*y - 2*o = 38. Let n = z + y. What is g(n)?
-11
Let n(l) = -l**3 + 4*l**2 - 2*l - 3. Let d be (-45)/(10 - 5)*(-1)/3. What is n(d)?
0
Let i(j) = -j + 25. Let c be i(25). Let p(z) = -z + 2. What is p(c)?
2
Let k(a) = -2*a + 5. Let f = -66 - -50. Let z be (-3)/(3/(-2)) - 14. Let b = z - f. What is k(b)?
-3
Let u(r) = r**3 - r**2 - r - 1. Let l(z) = -10*z**2 - 4*z + z + 2*z**3 + 15 + 2*z - 17. Let y(a) = -l(a) + u(a). Give y(9).
1
Let h(y) = -7*y + 10. Let v(b) = -6*b. Let n(j) = -h(j) + v(j). What is n(14)?
4
Let c = -1 - 0. Let b(w) = -w**3 + 3*w**2 + 6*w - 5. Let f be b(4). Let y(j) = 3 - 2 + j**2 + j - 4*j**f + j**3. Give y(c).
4
Let f = -321 + 643/2. Let z(a) be the second derivative of 1/6*a**3 + 0 - f*a**2 - 5*a. What is z(-4)?
-5
Let b(r) be the third derivative of -r**5/60 - 5*r**4/12 - 2*r**3/3 - r**2. Let a(o) = 4*o - 1. Let k be a(-2). Calculate b(k).
5
Let r(y) be the first derivative of -2*y**3/3 - 3*y**2/2 + 4*y - 108. Calculate r(-4).
-16
Let w(i) = -2*i + 3. Suppose 5*l - 9 = -0*r - 2*r, -4*l = 5*r - 48. Suppose 6*h - 3*h - r = 0. Determine w(h).
-5
Let i(r) = 3*r - 16. Let s be (-18)/30 + -2*(-76)/20. Determine i(s).
5
Let h(g) be the second derivative of g**4/12 + 5*g**3/6 - 22*g. Let b(o) = o**2 + 5*o + 1. Let z(q) = 5*b(q) - 4*h(q). Give z(-6).
11
Let x(b) be the third derivative of b**6/48 - b**5/120 - 17*b**4/24 - 20*b**2. Let i(n) be the second derivative of x(n). Calculate i(1).
14
Let o(d) be the second derivative of 0 - 1/2*d**3 - 42*d - 7/2*d**2. Give o(-6).
11
Suppose -45 = -5*k + 20. Suppose -4*c - 2 = -0*y - 2*y, c = 3*y - k. Let v(a) = a**2 - c - 10*a + 4*a - 2*a**2. Calculate v(-6).
-2
Let i(k) = 3*k**3 - 2*k**2 + 1. Suppose 0 = 3*m + 4*v - 5, -4*m + 2*v + 3 = 11. Let g be i(m). Let y(t) = 2*t - 2*t + 2 + 8*t + 2*t**2 - 2*t. Calculate y(g).
10
Let y(x) be the first derivative of x**5/20 - x**3/6 - x**2 + 9*x - 16. Let s(c) be the first derivative of y(c). Give s(0).
-2
Let j(s) be the first derivative of s - 2*s**2 - 1/20*s**5 - 1/6*s**3 - 1 + 1/3*s**4. Let f(o) be the first derivative of j(o). Give f(3).
2
Let p(z) = -4*z**2 - z**3 + 0*z**2 + 2*z - z**2 + z**2 + 2. What is p(-5)?
17
Let s(k) be the first derivative of k**3/3 + 3*k**2/2 - 2*k + 4. Let f be (-15)/(-9) - 2/(-6). Give s(f).
8
Let a(t) = -4*t**3 - 5*t**2 - 3*t - 6. Let g(r) = 5*r**3 + 4*r**2 + 3*r + 6. Let o(l) = -6*a(l) - 5*g(l). Calculate o(10).
36
Let t(i) = -5*i**3 + 3*i**2 - 9*i - 1. Let w(c) = -2*c**3 - c**2 - c - 2. Let f(n) = t(n) - 3*w(n). What is f(-7)?
-2
Let u(q) = -q**3 - 18*q + 4200*q**2 + 19 - 28 - 4181*q**2. Determine u(18).
-9
Let p(r) = r**2 + 13*r + 3. Suppose -92 = 11*g + 40. Calculate p(g).
-9
Let i = -14 - -15. Suppose 11 + 10 = 3*q. Suppose -i = -3*t - q. Let c(g) = -2*g**3 - 3*g**2 - 2*g - 3. Calculate c(t).
5
Suppose 0 = -4*u - 12 - 4, 4*s - 4 = 4*u. Let y(f) = 3. Let g(v) = -v**2 - v - 1. Let w(d) = s*g(d) - y(d). Let q = 2 + -4. Determine w(q).
6
Let r be -2*2*(-22)/44. Let l(p) be the second derivative of p**3/3 - p. Calculate l(r).
4
Suppose 11*z + 47 = 14. Let l(b) = b + b**3 + 5 + 3 - 2 - 2 + 2*b**2. Give l(z).
-8
Let s(y) = -5*y. Let g = -283 - -279. Determine s(g).
20
Let l(j) = -j**2. Let m(p) = 5*p + 1. Let c(v) = -6*l(v) - m(v). Let y(h) = 12*h**2 - 9*h - 2. Let x(w) = 11*c(w) - 6*y(w). What is x(1)?
-6
Let d(w) = -7*w**2 - 2*w - w**3 + 5*w + 4 + 3*w + 3*w**2 - 2*w. What is d(-5)?
9
Let w(o) = 7659*o**2 - 2*o - 7649*o**2 + o + 1. What is w(2)?
39
Let r(n) be the first derivative of n**2 + 10*n + 22. What is r(-6)?
-2
Let l(b) = -b**3 - b**2 + b + 3. Let v(y) = -y**3 - 7*y**2 - 2*y + 3. Let q be v(-6). Let n = -21 - q. Calculate l(n).
3
Let a(j) = 7*j**2 + j - 2. Let f be a(2). Suppose 4*i = -f + 8. Let s(p) be the second derivative of p**4/12 + 5*p**3/6 + 2*p**2 + 27*p. Calculate s(i).
4
Let g(m) be the second derivative of -m**4/6 + m**3/6 + 7*m**2/2 + 56*m. Determine g(-2).
-3
Let w(j) = 6*j + 3. Suppose 3*a = 4*y - 262, 134 = -3*y + 5*y - 3*a. Let t = -61 + y. Determine w(t).
21
Suppose 2*f - 3*f + 6 = 0. Let k = -3 - -6. Let u(q) = 6 + 13 + k*q - 4*q - 5. What is u(f)?
8
Let x(m) = m**2 + 9*m + 6. Suppose -4*g = 3*j - 47, 0 = -2*g + 7*g + 3*j - 61. Suppose -10 = 4*y + g. Determine x(y).
-12
Let a(x) = -3*x + 6. Let o be a(4). Let i(t) = -132*t + t**3 + 260*t + 2 + 5*t**2 - 134*t. Calculate i(o).
2
Let w(p) be the second derivative of -p**5/20 - p**4/6 + p**3/6 - 5*p**2/2 + 112*p. Give w(0).
-5
Let d(f) = -4*f - 9. Let q = 107 - 113. Calculate d(q)